3*h(d). Let f(l) = -l + 1. Let y(v) = u*k(v) - f(v). Determine y(-5).
1
Let f(r) = 2*r - 3. Let c be f(-1). Let a(y) = -9*y - 4. Let s(m) = 11*m + 4. Let j(l) = -5*a(l) - 4*s(l). Calculate j(c).
-1
Let z(r) = -45*r**3 - 1. Let o = 8037 - 8036. Calculate z(o).
-46
Let s(y) = 2*y**2 - y - 28. Suppose 0 = -2*o - 114 + 124. Calculate s(o).
17
Let c be -2 + (-41)/(-7) + (-12)/(-84). Let v(y) = y**2 + 24*y - 114. Give v(c).
-2
Let i(g) = 4*g**3 + 2*g - 2. Let v(u) = 14*u**3 - 15*u**2 + 4*u + 9. Let a(h) = 4*i(h) - v(h). Give a(-7).
4
Let v(n) be the second derivative of -n**5/10 - n**4 + 5*n**3/6 + 10*n**2 + 718*n + 2. Calculate v(-6).
-10
Let l(d) = -9*d**2. Let j = -61 + 58. What is l(j)?
-81
Let h = -98 + 110. Suppose 124 - 184 = h*t. Let i(d) = 3*d**3 + 5*d**2 + d**2 + 6*d - 2*d**3. What is i(t)?
-5
Let y(r) = -2*r**3 + 23*r**2 + 77*r - 105. Let x be y(14). Let i(j) = j**3 + 5*j**2 - 6*j + 21. Determine i(x).
-35
Let x(s) = 540*s - 3779. Let v be x(7). Let k(u) = 23*u**2 - 23*u**2 - u + 1 - 7*u**3. Determine k(v).
-7
Let u = 222 - -51. Let k be (4 - 0) + (-8)/(104/u). Let q(l) = l**2 + 18*l + 17. Calculate q(k).
0
Suppose -2*y - 4*w = 0, 3*y + 2*y + 3*w = -21. Let a(n) = -n. Let j(v) = -v**2 - v + 8. Let s(p) = -4*a(p) - j(p). Calculate s(y).
-2
Let y(t) = -t**3 - 7*t**2 + 2*t + 9. Let w be y(-7). Let m(a) = 11*a - 2. Let q(k) = 6*k - 1. Let s = -61 - -63. Let h(g) = s*m(g) + w*q(g). Give h(1).
-7
Let p(h) = -h**2 + 18*h - 74. Let t be p(10). Let i be (4 - 22)*(-3)/t. Let c(w) = -w**3 + 10*w**2 - 9*w. Determine c(i).
0
Let u be 53/583 - 394/(-22). Let f be (u/30)/(7/(-35)). Let k(v) = v**3 + 4*v**2 + 3*v - 2. Calculate k(f).
-2
Let k be (-6)/18*(-10)/4*48/20. Let g(n) = -11*n**2 + 5*n - 7. Determine g(k).
-41
Let m(f) = 7*f**3 + 29*f**2 - 4*f - 26. Let o = 20956 + -20960. Determine m(o).
6
Let s be -1 - 2 - (-3 + -2 - 2). Suppose 15 = 3*o, s*b - 2*b - o = 25. Let j(i) = i**2 + 23 + b + 22 + i - 62. Determine j(2).
4
Let b(c) = -67*c**3 + 26*c**2 + 19*c - 11. Let p(f) = -18*f**3 + 7*f**2 + 5*f - 3. Let r(g) = 3*b(g) - 11*p(g). Calculate r(-1).
2
Let m(t) = -t**2 + 7*t - 7. Let v be (7/(-3))/((-15)/(-360)*-4). Let n = -11 + 77. Let y be n/v - 22/(-77). What is m(y)?
3
Let r(i) = -i**2 - 21*i + 188. Suppose 30*n = 26*n + 28. Give r(n).
-8
Suppose -o - o + 2 = -4*t, -2*o = -2*t - 2. Suppose 0*j + 2*j - 12 = t. Let c(k) = -k**3 + 6*k**2 + 2*k + 1. Determine c(j).
13
Suppose z = 4*z. Suppose 3*d - d + 4 = 3*j, z = -2*j + 2*d. Let b(l) = -j*l + 6*l - 4*l - 1. Determine b(-6).
11
Let r(g) be the second derivative of -g**4/12 - 8*g**3/3 + 2*g**2 + g - 1817. Determine r(-8).
68
Let d(a) = a**3 + 2*a**2 - 4*a - 1. Suppose -720 = 4*s - 28*s. Let m = -9 + 42. Let p = s - m. Determine d(p).
2
Let c be 5*6*(-4)/(-24). Let m(x) = 1 + 2 - 70*x**3 + 5*x + 71*x**3 + c*x**2. Let w be (6 - 3/1)*-1. Calculate m(w).
6
Let i(h) = h**2 + 7*h + 5*h**2 - 170620 + 170618. Determine i(3).
73
Let z = -124 - -118. Let j(x) = 4*x - 11. What is j(z)?
-35
Let w(u) = u**3 - 5*u**2 - 4*u - 2. Let d = -278 - -298. Suppose 120 = -0*z + d*z. Determine w(z).
10
Let r(d) = -42*d**3 + 21 + 43*d**3 - 94000*d**2 + 8*d + 93987*d**2. Determine r(12).
-27
Let p(o) = o**2 - 5*o - 2. Suppose w = -1 + 6, -3*x - w = -5. Let a = 27 + x. Suppose r - a = 5*f - 5, 3*r = f + 24. Calculate p(r).
12
Suppose -3*l - 3*p - 69 = -285, -3*p - 204 = -3*l. Let k = l - 62. Let n(j) = -727*j - 20 + k + 728*j. Give n(9).
-3
Let s(u) = 26 - 73 + 34 - 274*u - 21*u**2. Determine s(-13).
0
Let m(p) = 4*p - 46. Let a(o) = o - 2. Let x(v) = 2*a(v) - m(v). Determine x(22).
-2
Let x(j) = j**3 - 5*j**2 - 3*j + 7. Suppose -2*w - 3*n = w - 123, 2*w - 67 = n. Let g be (10/(-6))/((-12)/w). What is x(g)?
-8
Let f(a) = -3*a**2 - 21*a + 25. Let m(r) = -r**2 - 7*r + 8. Let b(c) = -3*f(c) + 8*m(c). Suppose -68*u - 16*u - 672 = 0. Calculate b(u).
-3
Let c(s) = -17*s + 71. Let w(g) = -g + 11. Let b(u) = c(u) - 6*w(u). What is b(0)?
5
Suppose -62*t - 12 = -59*t. Let l be 0 + t/3 - 217/(-21). Let x(c) = -c**3 + 9*c**2 + 3*c - 12. Calculate x(l).
15
Let r(w) = -w**3 + 12*w**2 + 10*w - 16. Suppose -1289 + 366 = -71*c. Determine r(c).
-55
Let w = 49 - -11. Suppose -2*t = -4*q + w, -20 = -q + 3*t - 5*t. Let p(x) = 7 - 17*x + q*x - 8 + 4*x**2 - 3*x**2. What is p(1)?
-1
Let r be (2 - 6/(-4))/((-58)/(-116)). Let o(b) = -2*b**3 + 15*b**2 - 3*b - 27. Give o(r).
1
Let h(b) = -116*b - 702. Let x(l) = -4*l**3 + 50*l**2 - 38*l + 162. Let s be x(12). Give h(s).
-6
Let t(i) be the first derivative of i**2/2 - 2*i - 4924. What is t(1)?
-1
Suppose 28 = 4*o + 4*m, 2*o - 29 = -7*m + 2*m. Let p be ((-3)/6)/(1/o). Let f(n) = 23*n + 1. Give f(p).
-22
Let s be ((-36)/27)/((-20)/(-45)). Let k(h) = -2*h**2 + h + 2. What is k(s)?
-19
Let o(r) be the first derivative of 6*r - 11*r - r**2 - 3 - 12. Give o(4).
-13
Let k(j) = 2*j**3 - 2*j**2 + 1. Let z be 33/(-198) + -2*(-39)/36. Suppose -f = -a + z, -2*a - 7 = -f - 9. What is k(f)?
-23
Suppose 191 = s + 21*y, -97*s + y - 11 = -98*s. Let j(a) = 18*a**2 + 2*a - 8. Calculate j(s).
68
Let b = 204 + -205. Let u(h) = 4*h + 18. Let z be u(b). Let o(c) = -c**3 + 13*c**2 + 13*c + 3. Give o(z).
-11
Let a(i) = -i**3 - 10*i**2 - 11*i + 14. Let r be (-120)/100*15/2. Give a(r).
32
Let m(i) = -i + 4. Let a be m(-3). Let q(w) = 10 - w - 9 + 3 - a. Calculate q(-15).
12
Let h be 7 + (-5 - -2)/((-102)/(-136)). Let x(v) = -v**3 + 2*v**2 + 3*v. Determine x(h).
0
Let p(a) = -212*a - 122. Let f(m) = -95*m - 54. Let z(u) = -20*f(u) + 9*p(u). Calculate z(1).
-26
Let u(a) be the second derivative of a**4/12 - 3*a**3/2 - 22*a. Suppose 4*j - 5*m = 46, -j + 3*j - 26 = 4*m. Determine u(j).
0
Let m be 14 + 3 + -25 + (-14)/(-2). Let t(i) = 6*i. Give t(m).
-6
Let r(w) = -12 + 284697*w - 284688*w - 4. Give r(2).
2
Let t(p) = -4*p**2 + 4*p + 2*p**2 + 0 + 3*p**2 + 3. Let w be t(-5). Let b(r) = 58*r**3 - 59*r**3 + 6 + 4 + 7*r**2 + 6*r. Calculate b(w).
-6
Let q(t) be the first derivative of t**4/4 - 22*t**3/3 + t**2/2 - 31*t + 31. Let l be q(22). Let y(f) = f**2 + 9*f + 9. Calculate y(l).
9
Let m(y) be the second derivative of 2*y**3/3 + 85*y**2/2 + 120*y. Let p be m(-20). Let o(f) = -f + 7. Give o(p).
2
Let u = 633 + -629. Let s(q) = 9*q + 6*q + 0*q - 4*q - u*q. What is s(2)?
14
Let y = 69 + -68. Let z(s) = 10*s**2 - s - 1. Suppose -1 = 2*p + 3. Let i(t) = -t. Let v(x) = p*i(x) + z(x). Give v(y).
10
Let v be -6 - -12 - (-8)/(-2). Let w(k) = 141*k**v + 146*k**2 - 286*k**2 - 2*k. Let j be (-35)/(-14)*12/10. What is w(j)?
3
Suppose -4*w + 145*v - 143*v - 4 = 0, 2 = -2*w + 4*v. Let s(b) = -45*b - 18. Determine s(w).
27
Let r(s) = -s**2 + 17*s - 57. Let o(a) = -10*a**3 - 3*a**2 + 44*a + 46. Let k be o(-1). What is r(k)?
15
Let d(m) = m - 7. Let t(w) = -16*w + 116. Let u be t(7). Suppose 4*y + 9 = 3*y - 3*q, -u*q + 2 = -y. What is d(y)?
-13
Let y = -1976 - -1986. Let a(z) = -z**3 + 11*z**2 - 11*z + 32. Determine a(y).
22
Let o(v) = -15*v + 537. Let a = 1279 + -1243. What is o(a)?
-3
Let f(r) = 725*r - 2173. Let w be f(3). Let p(u) = 2*u**3 - 6*u**2 + 8*u + 3. Determine p(w).
11
Suppose -11*u = 6*u. Let k(t) = 1. Let r(d) = -d - 7. Let z(x) = 6*k(x) + r(x). What is z(u)?
-1
Suppose 0 = -5*b + 13*q - 10*q + 40, 4*b + q = 15. Let k(s) = 9*s - 42. Calculate k(b).
3
Let a(l) = l**2 + 19*l - 8. Let c be 4/(4/(-5)) - (18 - (-12 - -15)). Calculate a(c).
12
Suppose 3*j = -5*n - 0*j + 4, 5*j = -3*n - 4. Let b(u) = 1 + 3 + 46*u - 36*u - n. Let z(g) = 15*g + 3. Let k(s) = 8*b(s) - 5*z(s). Calculate k(-1).
-4
Let t(y) = y**3 + 30*y**2 - 32*y - 26. Suppose -180*i - 3128 + 778 = 3230. Determine t(i).
5
Let t(k) be the first derivative of -1/4*k**4 + 3*k**3 + 20 + 0*k**2 - 9*k. Calculate t(9).
-9
Let x be (-990)/34 - 22/(-187). Let o(i) = -i**2 - 32*i - 43. Let n be o(x). Let r = 55 - n. Let h(t) = t**2 - 9*t - 16. Give h(r).
6
Let m(a) = -3*a**3 - a**2 - a + 1. Let u(g) = 25*g**3 + 12*g**2 + 8*g - 5. Let z(t) = -8*m(t) - u(t). Give z(-3).
-12
Let w(l) be the second derivative of l**6/60 + l**5/30 + l**3/6 - 75*l**2/2 + 64*l. Let h(t) be the first derivative of w(t). Determine h(-2).
-7
Let v be (1 - 1)*(-6)/12*2. Let p(n) = -7 + 3*n - 4*n - 7*n + 5*n. Let k be p(v). Let x(c) = -c**3 - 8*c**2 - 5*c + 7. What is x(k)?
-7
Let v be (48/40)/(10/75). Suppose v*f = 56 + 